Give h(1).
1
Let q(d) = -11*d**2 + 29*d - 6. Let v(w) = 7*w**2 - 19*w + 4. Let b(x) = 5*q(x) + 8*v(x). Calculate b(5).
-8
Let m be (-68)/(-20) - 2/5. Suppose -x - 7 + m = 0. Let g(k) = -2*k - 6. Determine g(x).
2
Let w(u) = -3*u - 6. Let x be w(-5). Let l = x - 4. Let r(k) = -k**2 + 6*k + 4. Calculate r(l).
9
Suppose -8*w + 3*w - 35 = 0. Let f(h) = -5*h + 0*h**3 + 9 - 10*h**3 + 6*h**2 + 3*h**3 + 8*h**3. Give f(w).
-5
Let g be (3/(-2))/(6/(-8)). Let d(v) = 2*v - 1. What is d(g)?
3
Let j(g) = g**3 + 2*g**2 - 2*g + 3. Let f be 49/5 + 3/15. Let y be (12/f)/(4/(-10)). Calculate j(y).
0
Let c(x) = x**2 - x + 4. Let t be c(0). Let a(f) = f**2 + t*f + 0*f + 0*f. Determine a(-2).
-4
Let b(x) = -x**3 - 6*x**2 - x - 2. Let q(i) = -i**2 - 8*i + 14. Let a be q(-10). Calculate b(a).
4
Let q(r) be the second derivative of -r**5/20 + r**4/4 + r**3/6 + 42*r. Suppose -2*h = -0*h - 6. What is q(h)?
3
Let x(r) = -3*r + 0*r**2 + r**2 - 1 + 7*r. What is x(-4)?
-1
Let d be 26/(3 + -1) - -2. Let m be (-33)/d + (-2)/(-10). Let s(h) = h**2. Determine s(m).
4
Let i(s) = -s**2. Let d(j) = -j**2. Let t be d(0). Suppose t*p + 2*p = -4. Give i(p).
-4
Let k(r) be the second derivative of -r**5/60 - r**4/3 - r**3 - 2*r**2 - 4*r. Let i(j) be the first derivative of k(j). Give i(-7).
1
Let q = 6 + -2. Let n(r) be the second derivative of 2*r + 0 + 1/6*r**q + 1/6*r**3 - 1/20*r**5 - 1/2*r**2. Calculate n(2).
1
Let v(g) be the third derivative of -5*g**4/24 - g**3/3 + 2*g**2. Let r(a) = 3*a + 15. Let n be r(-6). Calculate v(n).
13
Let i be (2 - 1)/(1/(-3)). Let l be 9*i/(-9)*-1. Let q(h) = h**2 + 3*h - 1. Determine q(l).
-1
Suppose 7*h = 13 + 15. Let m(q) = q**2 - 7*q + 5. What is m(h)?
-7
Let r be ((-16)/10)/(4/(-30)). Let l = r - 7. Let b(c) = 0*c + 21 + c**3 + 5*c + 19 + 0*c - 6*c**2 - 36. Calculate b(l).
4
Let n(s) = -5*s**2 + 2*s + 1. Let a be ((-11)/(-2))/11*(4 + 0). What is n(a)?
-15
Let l(m) = -m**3 + 3*m - 3. Let b(h) = -h - 8. Let z be b(-8). Suppose z*n = n - 2. Suppose 0 = -x - n + 4. Calculate l(x).
-5
Suppose 4*f = -f + 10. Let a(l) = 7*l + f*l - l - 2*l. Determine a(1).
6
Let t(o) = o**3 - 6*o + 3 + 32*o**2 - 35*o**2 - 1. Calculate t(4).
-6
Let d = -8 - -15. Let t(z) = -z + 12. Give t(d).
5
Let h(v) be the third derivative of v**5/60 + 7*v**3/6 - v**2. Suppose 0 = -88*i + 91*i. What is h(i)?
7
Let w(l) = -8 + 7 - 20*l**3 + 2*l + 3*l**2 + 19*l**3 - 3*l. Give w(2).
1
Let h(s) = -s + 5. Suppose 6 = 2*k + 3*k - 2*a, -4*k - 5*a - 15 = 0. Determine h(k).
5
Suppose 2*v = 3*v - 4. Suppose 3*t = -v*y + 22, 4*t - 3 = -y + 9. Let r(z) = -z**2 - z. Let w(x) = -1. Let i(u) = -r(u) + 2*w(u). Give i(t).
4
Let f(u) = -7*u**2 + u. Let s be ((-16)/14)/2 + 22/14. Determine f(s).
-6
Let t(l) = -5*l**3 + l**2 - l. Let s(y) = -6*y**3 + 2*y**2 - 2*y. Let i(h) = 4*s(h) - 5*t(h). Suppose -2*z + 0*z - 8 = 0. Determine i(z).
-4
Suppose 5*d - 6 = 24. Let a(x) = -34*x + 19*x + x**2 + 19*x - d. Give a(-6).
6
Let s(i) = -i + 1. Let c(l) = -l**3 + l**2 + 1. Let y be c(0). Let k = y + 2. Determine s(k).
-2
Let i(n) = -2*n - 9. Suppose 4 = -4*l, 2*l + 5 = 4*h - 3*l. Let v be -9 - ((-2 - 1) + h). Give i(v).
3
Let b(c) = -c**3 + 15*c**2 + 13*c - 13. Let i(p) = p**3 - 17*p**2 - 14*p + 13. Let j(n) = -4*b(n) - 3*i(n). Calculate j(10).
13
Let d be -1 - -1 - 8/4. Let q(n) be the second derivative of 3*n**2/2 + 3*n. Let i(j) = j - 8. Let w(o) = 4*i(o) + 11*q(o). What is w(d)?
-7
Let d(q) = -q**2 - q. Suppose -8*p + p = 21. Calculate d(p).
-6
Let u = 9 - 6. Let i = -6 - -9. Suppose -u = -3*a + i. Let b(w) = -3*w. Determine b(a).
-6
Let r(h) be the third derivative of 1/6*h**3 - 1/60*h**5 - 5*h**2 + 0*h - 1/24*h**4 + 0. Calculate r(2).
-5
Let x(g) be the first derivative of -g**4/12 + g**3/6 - g**2 + 3*g + 7. Let d(q) be the first derivative of x(q). Calculate d(2).
-4
Let q(f) be the third derivative of -f**4/24 - f**3/6 + f**2. Let a = -11 + 22. Let t(m) = -m**2 + 12*m - 15. Let b be t(a). Calculate q(b).
3
Let n(z) = -2*z + 4*z + 6 + 0*z - z**3 - 5*z + 6*z**2. Determine n(5).
16
Let h = 8 - 5. Let q(v) = -7 + 2*v + 18 - 3 - 7. Determine q(h).
7
Let j(u) = u**2 + u - 1. Let d be (65/130)/((-1)/(2/(-1))). Determine j(d).
1
Let k(u) = u + 7. Let p be k(-3). Let c(v) = -v**3 - 5*v**2 - 5*v - 2. Let i be c(-4). Let z(h) = -p*h + h + i*h + 9*h**2. Give z(1).
8
Let c(i) = i**2 - 4*i + 1. Let t(b) = b**2 + b - 4. Let d be t(-3). Let a be d/4*2 - -1. Let f = a + 1. What is c(f)?
-2
Let t(q) be the third derivative of q**5/60 + q**4/12 - q**3/3 - 20*q**2. What is t(-4)?
6
Let y(i) = -i**3 - 7*i**2 - 7*i + 1. Let d = -19 + 13. Calculate y(d).
7
Let w(a) = 3*a**3 - 8*a**2 + 5*a + 4. Let r(h) = -7*h**3 + 17*h**2 - 11*h - 9. Let i = 0 + -5. Let k(m) = i*w(m) - 2*r(m). Determine k(5).
8
Let o be (-15)/(-6) + (-2)/4. Let b(i) = -o + 3*i - 2*i - 2*i + 2*i. Suppose q + 8 = -2*g, -5*q + 11 = -2*q - g. Give b(q).
0
Let u(m) = -4*m + 2*m**2 + 3*m - 117 + 117 + 2*m**3. Calculate u(1).
3
Let w(g) = -4*g - 15 + 7 + 2. What is w(-5)?
14
Let y(c) = -11 + 7 + 4 - 4*c. Suppose -5*g + 1 = -6*g. Calculate y(g).
4
Let a(h) = h - 2*h**3 + 2 - h**2 - 1 + h. Suppose 0 = 5*b - p - 6 - 0, 4*p + 8 = 4*b. Let o be 3 + -6 - (-1)/b. Determine a(o).
9
Let m(z) = -z**2 + 3*z - 1. Let k be m(3). Let q be (k/1)/(3/(-6)). Let i(v) = -5 + 5 + 1 - 2 + 4*v + 2*v**q. Give i(-3).
5
Let o(f) = -9*f**3 - 10*f**2 + 19*f + 8. Let w(x) = 5*x**3 + 5*x**2 - 10*x - 4. Let q(a) = 6*o(a) + 11*w(a). Calculate q(4).
4
Let a(x) = x**3 + 5*x**2 - 4*x + 4. Let i be 2/12 + 244/(-24). Let k be ((-4)/i - 0)*-15. Calculate a(k).
-8
Let u be (-4 + 4 - 0)/2. Let w = 1 + u. Let n(l) = -l. Give n(w).
-1
Suppose -5*l - 11 = 24. Let q(o) = o**2 + 6*o + 2. What is q(l)?
9
Let d(l) = -4*l + 4. Let b(q) = -5*q + 11. Let n(g) = -70*g + 155. Let h(p) = -85*b(p) + 6*n(p). Let v(c) = -4*d(c) - 3*h(c). Give v(6).
5
Let v(b) = b**3 - 6*b**2 - b + 5. Let w(k) = -k**2 - k + 6. Let y be w(0). Determine v(y).
-1
Let s(l) = 1 + 14*l**2 + 6*l**2 - 29*l**2 + 6*l**2. Calculate s(-1).
-2
Suppose 0 = 2*p - 8, 5*p = 2*i + p + 16. Suppose 5*a - 5 = -i*a. Let w(z) = 6*z**2 - z + 1. What is w(a)?
6
Suppose 3*m - 2*v - 32 - 73 = 0, -2*v - 35 = -m. Suppose -m = -5*o - f, 5*f - 2*f - 21 = -o. Let a(u) = 5*u - 2*u + 3 + u**2 - 8*u - 5. Determine a(o).
4
Suppose 2*c + c - 18 = 0. Let i(y) = -y**2 + 5*y + 8. Let o be i(c). Let j(n) = -2 + 0 + 12*n**2 - 10*n**2. Calculate j(o).
6
Let y(s) be the second derivative of -2*s**3/3 + s**2/2 - s. Let d(a) = a**3 - 6*a**2 + 6*a - 4. Let w be (-1)/(27/15 + -2). Let k be d(w). What is y(k)?
-3
Let v(s) be the first derivative of -s**3/3 + 6*s + 3. Give v(0).
6
Let a be 3 - 3/(9/12). Let z(l) be the second derivative of l**4/4 + l. Determine z(a).
3
Let v(p) = -6*p**3 + 5*p**2 - 5*p - 5. Let y(n) = 5*n**3 - 4*n**2 + 4*n + 6. Let o(w) = 4*v(w) + 5*y(w). What is o(0)?
10
Let v(l) = -3*l - 2. Let y(x) = -9*x - 6. Let w(k) = -7*v(k) + 2*y(k). Determine w(2).
8
Let s(k) = -1 + k**2 + 3 - 6*k + 0. Give s(4).
-6
Let o(u) = -u**2 + 7*u. Let c be (-22)/(-6) - (-4)/(-6). Give o(c).
12
Suppose 5*p = 9 + 1. Let c(y) = y**2 + y + 3*y**2 + y**p. What is c(-1)?
4
Let t = 5 + -7. Let y(p) = -16*p + 7. Let b(d) = -1. Let x(m) = 3*b(m) + y(m). Let a(v) = 11*v - 3. Let i(f) = 7*a(f) + 5*x(f). What is i(t)?
5
Let v = -20 - -22. Let w(n) = 0 + 2*n - 3*n**v + 4*n**3 - 3*n**3 + 0 + 1. Suppose -6 = -4*m + 2*m + 2*x, 5*m = -5*x + 5. Give w(m).
1
Let o(y) = y**3 + 6*y**2 - 6*y + 7. Let c be o(-7). Let n(m) = 2*m - m + c*m - 2. Let f = 25 - 23. Give n(f).
0
Let d(n) = -3*n + 2*n + n - 2*n - 4. Determine d(-5).
6
Let k(j) = -j**2 - 11*j - 9. Let h be (25/2)/(-1)*(-56)/(-70). What is k(h)?
1
Let n be (-4)/10 + (-51)/(-15). Let v(w) = -2*w**2 - 3*w - 3 + 3*w**2 + w**2. Determine v(n).
6
Let q = 17 - 11. Let j(s) = -s**3 + 5*s**2 + 4*s + 7. Determine j(q).
-5
Let d(n) = -5*n - 5. Let r(z) = -z. Let p(i) = -d(i) + 2*r(i). Calculate p(-6).
-13
Let r(s) = -s + 2. Let f be r(3). Let u(j) be the second derivative of -3*j**4/2 - j**3/6 - 2*j. What is u(f)?
-17
Let z(j) be the first derivative of -j**2 - 2*j - 18. Calculate z(-3).
4
Let w(i) be the third derivative of -i**8/20160 + i**7/2520 - i**6/720 + i**5/20 - 5*i**2. Let h(j) be the third derivative of w(j). Calculate h(2).
-1
Let w = -2 + 7. Let